{"id":1784,"date":"2018-09-11T21:06:21","date_gmt":"2018-09-11T19:06:21","guid":{"rendered":"http:\/\/omegakikol.pl\/?page_id=1784"},"modified":"2018-09-12T11:25:44","modified_gmt":"2018-09-12T09:25:44","slug":"mieszkancy-powiatu-lipnowskiego-50-aktywni-na-rynku-pracy","status":"publish","type":"page","link":"https:\/\/omegakikol.pl\/?page_id=1784","title":{"rendered":"\u201eMieszka\u0144cy powiatu lipnowskiego 50+ aktywni na rynku pracy\u201d"},"content":{"rendered":"<h4><span style=\"color: #000000;\"><img loading=\"lazy\" decoding=\"async\" class=\"wp-image-1522 aligncenter\" src=\"http:\/\/omegakikol.pl\/wp-content\/uploads\/2018\/04\/unia-fundusze-1024x130.jpg\" alt=\"\" width=\"795\" height=\"101\" srcset=\"https:\/\/omegakikol.pl\/wp-content\/uploads\/2018\/04\/unia-fundusze-1024x130.jpg 1024w, https:\/\/omegakikol.pl\/wp-content\/uploads\/2018\/04\/unia-fundusze-300x38.jpg 300w, https:\/\/omegakikol.pl\/wp-content\/uploads\/2018\/04\/unia-fundusze-768x98.jpg 768w, https:\/\/omegakikol.pl\/wp-content\/uploads\/2018\/04\/unia-fundusze.jpg 1070w\" sizes=\"auto, (max-width: 795px) 100vw, 795px\" \/><\/span><\/h4>\n<h3 style=\"text-align: center;\"><span style=\"color: #000000;\">RYNEK PRACY OTWARTY DLA WSZYSTKICH<\/span><\/h3>\n<h3 style=\"text-align: center;\"><span style=\"color: #000000;\">\u201eMieszka\u0144cy powiatu lipnowskiego 50+ aktywni na rynku pracy\u201d<\/span><\/h3>\n<h3 style=\"text-align: center;\"><span style=\"color: #000000;\">Warto\u015b\u0107 projektu 403 970, 81 PLN<\/span><\/h3>\n<h4><span style=\"color: #000000;\">Jest to projekt realizowany w ramach Programu Operacyjnego Kapita\u0142 Ludzki, Priorytet VI. Rynek pracy otwarty dla wszystkich, Dzia\u0142anie 6.1. Poprawa dost\u0119pu do zatrudnienia oraz wspieranie aktywno\u015bci zawodowej w regionie, Poddzia\u0142anie 6.1.1. Wsparcie os\u00f3b pozostaj\u0105cych bez zatrudnienia na regionalnym rynku pracy.&nbsp;<b>Okres realizacji od 01.09.2014r. do 30.06.2015r.<\/b><\/span><\/h4>\n<h4><span style=\"color: #000000;\">Celem g\u0142\u00f3wnym jest wyposa\u017cenie 40 BO (20K i 20 M) pozostaj\u0105cych bez zatrudnienia, w tym bezrobotnych i nieaktywnych zawodowo w wieku 50-64 lata, zamieszkuj\u0105cych powiat lipnowski w nowe kwalifikacje zawodowe poprzez warsztaty aktywizuj\u0105co \u2013 interpersonalne, kursy zawodowe, doradztwo zawodowe +IPD i sta\u017ce oraz u\u0142atwienie ich adaptacji na rynku pracy zmierzaj\u0105cej docelowo do znalezienia zatrudnienia.<\/span><\/h4>\n<h4><span style=\"color: #000000;\">Grup\u0119 docelow\u0105 stanowi\u0107 b\u0119d\u0105 osoby bezrobotne, w tym d\u0142ugotrwale bezrobotne(42%) i nieaktywne zawodowo zamieszkuj\u0105ce w powiecie lipnowskim w 100% w wieku 50-64 lata, grupa defaworyzowana zawodowo na rynku pracy.<\/span><\/h4>\n<h4><span style=\"color: #000000;\">W ramach projektu realizowane b\u0119d\u0105 kursy:<\/span><\/h4>\n<h4><span style=\"color: #000000;\">\u2013 brukarz<\/span><\/h4>\n<h4><span style=\"color: #000000;\">\u2013 opiekun\/ka dzieci(preferowane wykszta\u0142cenie minimum \u015brednie)<\/span><\/h4>\n<h4><span style=\"color: #000000;\">\u2013 operator maszyn ci\u0119\u017ckich(koparka lub \u0142adowarka lub spycharka) (wymagane prawo jazdy kat. B)<\/span><\/h4>\n<h4><span style=\"color: #000000;\">\u2013 propiekun\/ka os\u00f3b starszych i niepe\u0142nosprawnych (preferowane wykszta\u0142cenie minimum \u015brednie)<\/span><\/h4>\n<h4><span style=\"color: #000000;\">Uczestnicy wszystkich kurs\u00f3w b\u0119d\u0105 bra\u0107 udzia\u0142 w warsztatach z technik aktywnego poszukiwania pracy motywacyjno-interpersonalne. B\u0119d\u0105 tak\u017ce bra\u0107 udzia\u0142 w spotkaniach z doradc\u0105 zawodowym, tworzeniu IPD.<\/span><\/h4>\n<h4><span style=\"color: #000000;\">Projekt wsp\u00f3\u0142finansowany ze \u015brodk\u00f3w Unii Europejskiej w ramach Europejskiego Funduszu Spo\u0142ecznego<\/span><\/h4>\n","protected":false},"excerpt":{"rendered":"<p>RYNEK PRACY OTWARTY DLA WSZYSTKICH \u201eMieszka\u0144cy powiatu lipnowskiego 50+ aktywni na rynku pracy\u201d Warto\u015b\u0107 projektu 403 970, 81 PLN Jest to projekt realizowany w ramach Programu Operacyjnego Kapita\u0142 Ludzki, Priorytet VI. Rynek pracy otwarty dla wszystkich, Dzia\u0142anie 6.1. Poprawa dost\u0119pu do zatrudnienia oraz wspieranie aktywno\u015bci zawodowej w regionie, Poddzia\u0142anie 6.1.1. Wsparcie os\u00f3b pozostaj\u0105cych bez zatrudnienia [&hellip;]<\/p>\n","protected":false},"author":1,"featured_media":0,"parent":0,"menu_order":0,"comment_status":"closed","ping_status":"closed","template":"","meta":{"ngg_post_thumbnail":0,"footnotes":""},"class_list":["post-1784","page","type-page","status-publish","hentry"],"_links":{"self":[{"href":"https:\/\/omegakikol.pl\/index.php?rest_route=\/wp\/v2\/pages\/1784","targetHints":{"allow":["GET"]}}],"collection":[{"href":"https:\/\/omegakikol.pl\/index.php?rest_route=\/wp\/v2\/pages"}],"about":[{"href":"https:\/\/omegakikol.pl\/index.php?rest_route=\/wp\/v2\/types\/page"}],"author":[{"embeddable":true,"href":"https:\/\/omegakikol.pl\/index.php?rest_route=\/wp\/v2\/users\/1"}],"replies":[{"embeddable":true,"href":"https:\/\/omegakikol.pl\/index.php?rest_route=%2Fwp%2Fv2%2Fcomments&post=1784"}],"version-history":[{"count":4,"href":"https:\/\/omegakikol.pl\/index.php?rest_route=\/wp\/v2\/pages\/1784\/revisions"}],"predecessor-version":[{"id":1851,"href":"https:\/\/omegakikol.pl\/index.php?rest_route=\/wp\/v2\/pages\/1784\/revisions\/1851"}],"wp:attachment":[{"href":"https:\/\/omegakikol.pl\/index.php?rest_route=%2Fwp%2Fv2%2Fmedia&parent=1784"}],"curies":[{"name":"wp","href":"https:\/\/api.w.org\/{rel}","templated":true}]}}