{"id":1800,"date":"2018-09-11T21:08:02","date_gmt":"2018-09-11T19:08:02","guid":{"rendered":"http:\/\/omegakikol.pl\/?page_id=1800"},"modified":"2018-09-12T11:18:50","modified_gmt":"2018-09-12T09:18:50","slug":"czas-zmian-szansa-szkolenia","status":"publish","type":"page","link":"https:\/\/omegakikol.pl\/?page_id=1800","title":{"rendered":"\u201eCzas zmian- szans\u0105 szkolenia\u201d"},"content":{"rendered":"<h4><span style=\"color: #000000;\"><img loading=\"lazy\" decoding=\"async\" class=\" wp-image-1522 aligncenter\" src=\"http:\/\/omegakikol.pl\/wp-content\/uploads\/2018\/04\/unia-fundusze-1024x130.jpg\" alt=\"\" width=\"818\" height=\"104\" srcset=\"https:\/\/omegakikol.pl\/wp-content\/uploads\/2018\/04\/unia-fundusze-1024x130.jpg 1024w, https:\/\/omegakikol.pl\/wp-content\/uploads\/2018\/04\/unia-fundusze-300x38.jpg 300w, https:\/\/omegakikol.pl\/wp-content\/uploads\/2018\/04\/unia-fundusze-768x98.jpg 768w, https:\/\/omegakikol.pl\/wp-content\/uploads\/2018\/04\/unia-fundusze.jpg 1070w\" sizes=\"auto, (max-width: 818px) 100vw, 818px\" \/><\/span><\/h4>\n<h2 style=\"text-align: center;\"><span style=\"color: #000000;\"><i>Projekt \u201eCzas zmian-szans\u0105 szkolenia! \u201d<\/i><\/span><\/h2>\n<h4><span style=\"color: #000000;\">W dniach 01.03.2010r. \u2013 31.12.2010r. zrealizowany zosta\u0142 projekt w ramach Programu Operacyjnego Kapita\u0142 Ludzki Priorytet VIII. Regionalne Kadry Gospodarki Dzia\u0142anie 8.1. Poddzia\u0142anie 8.1.1 Wspieranie rozwoju kwalifikacji zawodowych i doradztwo dla przedsi\u0119biorstw.<\/span><br \/>\n<span style=\"color: #000000;\">Projekt ten skierowany by\u0142 do os\u00f3b pracuj\u0105cych w przedsi\u0119biorstwach w gminach wiejskich, miejsko-wiejskich, miejskich do 25 ty\u015b, kt\u00f3rych siedziba znajduje si\u0119 na terenie wojew\u00f3dztwa kujawsko-pomorskiego. Adresowany by\u0142 do mieszka\u0144c\u00f3w wiejskich powiat\u00f3w: lipnowskiego, w\u0142oc\u0142awskiego, toru\u0144skiego, rypi\u0144skiego i golubsko -dobrzy\u0144skiego.<\/span><\/h4>\n<h4><span style=\"color: #000000;\">Zaproszone zosta\u0142y osoby zatrudnione w ma\u0142ych i \u015brednich przedsi\u0119biorstwach oraz kadr\u0119 zarz\u0105dzaj\u0105c\u0105.&nbsp;Szkolenia by\u0142y ca\u0142kowicie bezp\u0142atne.<\/span><\/h4>\n<h4><span style=\"color: #000000;\">Ch\u0119tni mogli wzi\u0105\u0107 udzia\u0142 w jednym z nast\u0119puj\u0105cych szkole\u0144:<\/span><\/h4>\n<h4>&nbsp;<\/h4>\n<ul>\n<li>\n<h4><span style=\"color: #000000;\">1. specjalisty ds. audytu wewn\u0119trznego,<\/span><\/h4>\n<\/li>\n<li>\n<h4><span style=\"color: #000000;\">2. specjalisty ds. zarz\u0105dzania funduszami unijnymi,<\/span><\/h4>\n<\/li>\n<li>\n<h4><span style=\"color: #000000;\">3. specjalisty ds. zarz\u0105dzania zasobami ludzkimi.<\/span><\/h4>\n<\/li>\n<\/ul>\n<h4>&nbsp;<\/h4>\n<h4><span style=\"color: #000000;\">Na uczestnik\u00f3w szkole\u0144 czeka\u0142y:<\/span><\/h4>\n<h4>&nbsp;<\/h4>\n<h4>&nbsp;<\/h4>\n<ul>\n<li>\n<h4><span style=\"color: #000000;\">zaj\u0119cia motywacyjno- interpersonalno-doradcze;<\/span><\/h4>\n<\/li>\n<li>\n<h4><span style=\"color: #000000;\">&nbsp;zaj\u0119cia informatyczne ukierunkowane na nowe&nbsp;&nbsp;&nbsp;&nbsp;&nbsp; kwalifikacje;&nbsp;&nbsp;&nbsp;&nbsp;&nbsp;&nbsp;&nbsp;&nbsp;&nbsp;&nbsp;&nbsp;&nbsp;&nbsp;&nbsp;&nbsp;&nbsp;&nbsp;&nbsp;&nbsp;&nbsp;&nbsp;&nbsp;&nbsp;&nbsp;&nbsp;&nbsp;&nbsp;&nbsp;&nbsp;&nbsp;&nbsp;&nbsp;&nbsp;&nbsp;&nbsp;&nbsp;&nbsp;&nbsp;&nbsp;&nbsp;&nbsp;&nbsp;&nbsp;&nbsp;&nbsp;&nbsp;&nbsp;&nbsp;<\/span><\/h4>\n<\/li>\n<li>\n<h4><span style=\"color: #000000;\">kurs audytu wewn\u0119trznego;<\/span><\/h4>\n<\/li>\n<li>\n<h4><span style=\"color: #000000;\">kurs zarz\u0105dzania funduszami unijnymi;<\/span><\/h4>\n<\/li>\n<li>\n<h4><span style=\"color: #000000;\">kurs zarz\u0105dzania zasobami ludzkimi;<\/span><\/h4>\n<\/li>\n<li>\n<h4><span style=\"color: #000000;\">materia\u0142y szkoleniowe, upominki z logo projektu,<\/span><br \/>\n<span style=\"color: #000000;\">catering, przerwy kawowe;<\/span><\/h4>\n<\/li>\n<\/ul>\n<h4>&nbsp;<\/h4>\n<h4><span style=\"color: #000000;\"><i>Projekt wsp\u00f3\u0142finansowany ze \u015brodk\u00f3w Unii Europejskiej w ramach Europejskiego Funduszu Spo\u0142ecznego<\/i><\/span><\/h4>\n","protected":false},"excerpt":{"rendered":"<p>Projekt \u201eCzas zmian-szans\u0105 szkolenia! \u201d W dniach 01.03.2010r. \u2013 31.12.2010r. zrealizowany zosta\u0142 projekt w ramach Programu Operacyjnego Kapita\u0142 Ludzki Priorytet VIII. Regionalne Kadry Gospodarki Dzia\u0142anie 8.1. Poddzia\u0142anie 8.1.1 Wspieranie rozwoju kwalifikacji zawodowych i doradztwo dla przedsi\u0119biorstw. Projekt ten skierowany by\u0142 do os\u00f3b pracuj\u0105cych w przedsi\u0119biorstwach w gminach wiejskich, miejsko-wiejskich, miejskich do 25 ty\u015b, kt\u00f3rych siedziba [&hellip;]<\/p>\n","protected":false},"author":1,"featured_media":0,"parent":0,"menu_order":0,"comment_status":"closed","ping_status":"closed","template":"","meta":{"ngg_post_thumbnail":0,"footnotes":""},"class_list":["post-1800","page","type-page","status-publish","hentry"],"_links":{"self":[{"href":"https:\/\/omegakikol.pl\/index.php?rest_route=\/wp\/v2\/pages\/1800","targetHints":{"allow":["GET"]}}],"collection":[{"href":"https:\/\/omegakikol.pl\/index.php?rest_route=\/wp\/v2\/pages"}],"about":[{"href":"https:\/\/omegakikol.pl\/index.php?rest_route=\/wp\/v2\/types\/page"}],"author":[{"embeddable":true,"href":"https:\/\/omegakikol.pl\/index.php?rest_route=\/wp\/v2\/users\/1"}],"replies":[{"embeddable":true,"href":"https:\/\/omegakikol.pl\/index.php?rest_route=%2Fwp%2Fv2%2Fcomments&post=1800"}],"version-history":[{"count":3,"href":"https:\/\/omegakikol.pl\/index.php?rest_route=\/wp\/v2\/pages\/1800\/revisions"}],"predecessor-version":[{"id":1842,"href":"https:\/\/omegakikol.pl\/index.php?rest_route=\/wp\/v2\/pages\/1800\/revisions\/1842"}],"wp:attachment":[{"href":"https:\/\/omegakikol.pl\/index.php?rest_route=%2Fwp%2Fv2%2Fmedia&parent=1800"}],"curies":[{"name":"wp","href":"https:\/\/api.w.org\/{rel}","templated":true}]}}

„Czas zmian- szansą szkolenia”

<h4><span style="color: #000000;"><img loading="lazy" decoding="async" class=" wp-image-1522 aligncenter" src="http://omegakikol.pl/wp-content/uploads/2018/04/unia-fundusze-1024x130.jpg" alt="" width="818" height="104" srcset="https://omegakikol.pl/wp-content/uploads/2018/04/unia-fundusze-1024x130.jpg 1024w, https://omegakikol.pl/wp-content/uploads/2018/04/unia-fundusze-300x38.jpg 300w, https://omegakikol.pl/wp-content/uploads/2018/04/unia-fundusze-768x98.jpg 768w, https://omegakikol.pl/wp-content/uploads/2018/04/unia-fundusze.jpg 1070w" sizes="auto, (max-width: 818px) 100vw, 818px" /></span></h4>
<h2 style="text-align: center;"><span style="color: #000000;"><i>Projekt „Czas zmian-szansą szkolenia! ”</i></span></h2>
<h4><span style="color: #000000;">W dniach 01.03.2010r. – 31.12.2010r. zrealizowany został projekt w ramach Programu Operacyjnego Kapitał Ludzki Priorytet VIII. Regionalne Kadry Gospodarki Działanie 8.1. Poddziałanie 8.1.1 Wspieranie rozwoju kwalifikacji zawodowych i doradztwo dla przedsiębiorstw.</span><br />
<span style="color: #000000;">Projekt ten skierowany był do osób pracujących w przedsiębiorstwach w gminach wiejskich, miejsko-wiejskich, miejskich do 25 tyś, których siedziba znajduje się na terenie województwa kujawsko-pomorskiego. Adresowany był do mieszkańców wiejskich powiatów: lipnowskiego, włocławskiego, toruńskiego, rypińskiego i golubsko -dobrzyńskiego.</span></h4>
<h4><span style="color: #000000;">Zaproszone zostały osoby zatrudnione w małych i średnich przedsiębiorstwach oraz kadrę zarządzającą.&nbsp;Szkolenia były całkowicie bezpłatne.</span></h4>
<h4><span style="color: #000000;">Chętni mogli wziąć udział w jednym z następujących szkoleń:</span></h4>
<h4>&nbsp;</h4>
<ul>
<li>
<h4><span style="color: #000000;">1. specjalisty ds. audytu wewnętrznego,</span></h4>
</li>
<li>
<h4><span style="color: #000000;">2. specjalisty ds. zarządzania funduszami unijnymi,</span></h4>
</li>
<li>
<h4><span style="color: #000000;">3. specjalisty ds. zarządzania zasobami ludzkimi.</span></h4>
</li>
</ul>
<h4>&nbsp;</h4>
<h4><span style="color: #000000;">Na uczestników szkoleń czekały:</span></h4>
<h4>&nbsp;</h4>
<h4>&nbsp;</h4>
<ul>
<li>
<h4><span style="color: #000000;">zajęcia motywacyjno- interpersonalno-doradcze;</span></h4>
</li>
<li>
<h4><span style="color: #000000;">&nbsp;zajęcia informatyczne ukierunkowane na nowe&nbsp;&nbsp;&nbsp;&nbsp;&nbsp; kwalifikacje;&nbsp;&nbsp;&nbsp;&nbsp;&nbsp;&nbsp;&nbsp;&nbsp;&nbsp;&nbsp;&nbsp;&nbsp;&nbsp;&nbsp;&nbsp;&nbsp;&nbsp;&nbsp;&nbsp;&nbsp;&nbsp;&nbsp;&nbsp;&nbsp;&nbsp;&nbsp;&nbsp;&nbsp;&nbsp;&nbsp;&nbsp;&nbsp;&nbsp;&nbsp;&nbsp;&nbsp;&nbsp;&nbsp;&nbsp;&nbsp;&nbsp;&nbsp;&nbsp;&nbsp;&nbsp;&nbsp;&nbsp;&nbsp;</span></h4>
</li>
<li>
<h4><span style="color: #000000;">kurs audytu wewnętrznego;</span></h4>
</li>
<li>
<h4><span style="color: #000000;">kurs zarządzania funduszami unijnymi;</span></h4>
</li>
<li>
<h4><span style="color: #000000;">kurs zarządzania zasobami ludzkimi;</span></h4>
</li>
<li>
<h4><span style="color: #000000;">materiały szkoleniowe, upominki z logo projektu,</span><br />
<span style="color: #000000;">catering, przerwy kawowe;</span></h4>
</li>
</ul>
<h4>&nbsp;</h4>
<h4><span style="color: #000000;"><i>Projekt współfinansowany ze środków Unii Europejskiej w ramach Europejskiego Funduszu Społecznego</i></span></h4>

<p>Projekt „Czas zmian-szansą szkolenia! ” W dniach 01.03.2010r. – 31.12.2010r. zrealizowany został projekt w ramach Programu Operacyjnego Kapitał Ludzki Priorytet VIII. Regionalne Kadry Gospodarki Działanie 8.1. Poddziałanie 8.1.1 Wspieranie rozwoju kwalifikacji zawodowych i doradztwo dla przedsiębiorstw. Projekt ten skierowany był do osób pracujących w przedsiębiorstwach w gminach wiejskich, miejsko-wiejskich, miejskich do 25 tyś, których siedziba [&hellip;]</p>
