{"id":2161,"date":"2019-06-18T16:28:00","date_gmt":"2019-06-18T14:28:00","guid":{"rendered":"http:\/\/omegakikol.pl\/?page_id=2161"},"modified":"2019-06-18T17:04:03","modified_gmt":"2019-06-18T15:04:03","slug":"informacje-o-projekcie-wloclawek-zawodowo","status":"publish","type":"page","link":"https:\/\/omegakikol.pl\/?page_id=2161","title":{"rendered":"Informacje o projekcie W\u0142oc\u0142awek zawodowo"},"content":{"rendered":"<p>&nbsp;<\/p>\n<h4 style=\"text-align: center;\"><span style=\"color: #000000;\"><strong>\u201eW\u0142oc\u0142awek zawodowo\u201d <\/strong><\/span><\/h4>\n<h4 style=\"text-align: center;\"><span style=\"color: #000000;\"><strong>nr RPKP.<\/strong><strong> RPKP.10.02.03-04-0003\/17<\/strong><\/span><\/h4>\n<h4 style=\"text-align: center;\"><span style=\"color: #000000;\"><strong>okres realizacji projektu 01.01.2018 \u2013 30.09.2019<\/strong><\/span><\/h4>\n<p>&nbsp;<\/p>\n<h4><span style=\"color: #000000;\">01.01.2018 rozpocz\u0119\u0142a si\u0119 realizacja projektu pt. \u201e W\u0142oc\u0142awek zawodowo\u201d. Wnioskodawc\u0105 projektu jest Gmina Miasto W\u0142oc\u0142awek a us\u0142ugodawc\u0105 w zarz\u0105dzaniu projektem jest&nbsp; firma PANACEUM \u2013 OMEGA M.J. Wyborska. Projekt realizowany w ramach Regionalnego Programu Operacyjnego Wojew\u00f3dztwa Kujawsko \u2013 Pomorskiego na lata 2014 -2020, Dzia\u0142anie RPKP.10.02.00 Kszta\u0142cenie og\u00f3lne i zawodowe, Poddzia\u0142anie RPKP.10.02.03 Kszta\u0142cenie zawodowe.<\/span><\/h4>\n<h4><span style=\"color: #000000;\">Celem projektu jest podniesienie zdolno\u015bci do zatrudnienia 744 uczni\u00f3w z 6 plac\u00f3wek zawodowych<\/span><br \/>\n<span style=\"color: #000000;\">z W\u0142oc\u0142awka poprzez udzia\u0142 w zaj\u0119ciach dodatkowych, kursach i sta\u017cach zawodowych i podniesienie kompetencji lub\/i kwalifikacji przez 37 nauczycieli oraz wyposa\u017cenie pracowni zawodowych szkolnych w tych plac\u00f3wkach do 30.09.2019. Grupa docelowa w projekcie to 744 uczni\u00f3w (290K i 454M)<\/span><br \/>\n<span style=\"color: #000000;\">&nbsp;i 37 nauczycieli (22K i 15M) z 6 Plac\u00f3wek Zawodowych W\u0142oc\u0142awka (9 szk\u00f3\u0142 = 6 Technik\u00f3w i 3 ZSZ). Grup\u0119 docelow\u0105 stanowi\u0105 plac\u00f3wki kszta\u0142cenia zawodowego, dla kt\u00f3rych organem prowadz\u0105cym jest miasto W\u0142oc\u0142awek.<\/span><\/h4>\n<h4><span style=\"color: #000000;\">Szko\u0142y zakwalifikowane do udzia\u0142u w projekcie to:<\/span><\/h4>\n<ul>\n<li>\n<h4><span style=\"color: #000000;\">Zesp\u00f3\u0142 Szk\u00f3\u0142 Budowlanych (Technikum i ZSZ)<\/span><\/h4>\n<\/li>\n<li>\n<h4><span style=\"color: #000000;\">Zesp\u00f3\u0142 Szk\u00f3\u0142 Ekonomicznych (Technikum)<\/span><\/h4>\n<\/li>\n<li>\n<h4><span style=\"color: #000000;\">Zesp\u00f3\u0142 Szk\u00f3\u0142 Elektrycznych (Technikum)<\/span><\/h4>\n<\/li>\n<li>\n<h4><span style=\"color: #000000;\">Zesp\u00f3\u0142 Szk\u00f3\u0142 Technicznych (Technikum i ZSZ)<\/span><\/h4>\n<\/li>\n<li>\n<h4><span style=\"color: #000000;\">Zesp\u00f3\u0142 Szk\u00f3\u0142 Samochodowych (Technikum i ZSZ)<\/span><\/h4>\n<\/li>\n<li>\n<h4><span style=\"color: #000000;\">Zesp\u00f3\u0142 Szk\u00f3\u0142 Chemicznych (Technikum)<\/span><\/h4>\n<\/li>\n<\/ul>\n<h4><span style=\"color: #000000;\">Realizacja projektu oraz doposa\u017cenie i wyposa\u017cenie zosta\u0142o opracowane na podstawie diagnoz szkolnych opartych na spisie inwentarza oraz oceny stanu technicznego posiadanego wyposa\u017cenia.&nbsp; Zaplanowane dzia\u0142ania projektu zosta\u0142y skonsultowane z Pracodawcami z regionu, z kt\u00f3rymi szko\u0142y obecnie wsp\u00f3\u0142pracuj\u0105.<\/span><\/h4>\n<p>&nbsp;<\/p>\n<p>&nbsp;<\/p>\n<p>&nbsp;<\/p>\n<p>&nbsp;<\/p>\n<h5 style=\"text-align: right;\"><span style=\"color: #000000;\">dodano&nbsp;10.01.2018<\/span><\/h5>\n","protected":false},"excerpt":{"rendered":"<p>&nbsp; \u201eW\u0142oc\u0142awek zawodowo\u201d nr RPKP. RPKP.10.02.03-04-0003\/17 okres realizacji projektu 01.01.2018 \u2013 30.09.2019 &nbsp; 01.01.2018 rozpocz\u0119\u0142a si\u0119 realizacja projektu pt. \u201e W\u0142oc\u0142awek zawodowo\u201d. Wnioskodawc\u0105 projektu jest Gmina Miasto W\u0142oc\u0142awek a us\u0142ugodawc\u0105 w zarz\u0105dzaniu projektem jest&nbsp; firma PANACEUM \u2013 OMEGA M.J. Wyborska. Projekt realizowany w ramach Regionalnego Programu Operacyjnego Wojew\u00f3dztwa Kujawsko \u2013 Pomorskiego na lata 2014 -2020, [&hellip;]<\/p>\n","protected":false},"author":1,"featured_media":0,"parent":0,"menu_order":0,"comment_status":"closed","ping_status":"closed","template":"","meta":{"ngg_post_thumbnail":0,"footnotes":""},"class_list":["post-2161","page","type-page","status-publish","hentry"],"_links":{"self":[{"href":"https:\/\/omegakikol.pl\/index.php?rest_route=\/wp\/v2\/pages\/2161","targetHints":{"allow":["GET"]}}],"collection":[{"href":"https:\/\/omegakikol.pl\/index.php?rest_route=\/wp\/v2\/pages"}],"about":[{"href":"https:\/\/omegakikol.pl\/index.php?rest_route=\/wp\/v2\/types\/page"}],"author":[{"embeddable":true,"href":"https:\/\/omegakikol.pl\/index.php?rest_route=\/wp\/v2\/users\/1"}],"replies":[{"embeddable":true,"href":"https:\/\/omegakikol.pl\/index.php?rest_route=%2Fwp%2Fv2%2Fcomments&post=2161"}],"version-history":[{"count":2,"href":"https:\/\/omegakikol.pl\/index.php?rest_route=\/wp\/v2\/pages\/2161\/revisions"}],"predecessor-version":[{"id":2297,"href":"https:\/\/omegakikol.pl\/index.php?rest_route=\/wp\/v2\/pages\/2161\/revisions\/2297"}],"wp:attachment":[{"href":"https:\/\/omegakikol.pl\/index.php?rest_route=%2Fwp%2Fv2%2Fmedia&parent=2161"}],"curies":[{"name":"wp","href":"https:\/\/api.w.org\/{rel}","templated":true}]}}

Informacje o projekcie Włocławek zawodowo

<p>&nbsp;</p>
<h4 style="text-align: center;"><span style="color: #000000;"><strong>„Włocławek zawodowo” </strong></span></h4>
<h4 style="text-align: center;"><span style="color: #000000;"><strong>nr RPKP.</strong><strong> RPKP.10.02.03-04-0003/17</strong></span></h4>
<h4 style="text-align: center;"><span style="color: #000000;"><strong>okres realizacji projektu 01.01.2018 – 30.09.2019</strong></span></h4>
<p>&nbsp;</p>
<h4><span style="color: #000000;">01.01.2018 rozpoczęła się realizacja projektu pt. „ Włocławek zawodowo”. Wnioskodawcą projektu jest Gmina Miasto Włocławek a usługodawcą w zarządzaniu projektem jest&nbsp; firma PANACEUM – OMEGA M.J. Wyborska. Projekt realizowany w ramach Regionalnego Programu Operacyjnego Województwa Kujawsko – Pomorskiego na lata 2014 -2020, Działanie RPKP.10.02.00 Kształcenie ogólne i zawodowe, Poddziałanie RPKP.10.02.03 Kształcenie zawodowe.</span></h4>
<h4><span style="color: #000000;">Celem projektu jest podniesienie zdolności do zatrudnienia 744 uczniów z 6 placówek zawodowych</span><br />
<span style="color: #000000;">z Włocławka poprzez udział w zajęciach dodatkowych, kursach i stażach zawodowych i podniesienie kompetencji lub/i kwalifikacji przez 37 nauczycieli oraz wyposażenie pracowni zawodowych szkolnych w tych placówkach do 30.09.2019. Grupa docelowa w projekcie to 744 uczniów (290K i 454M)</span><br />
<span style="color: #000000;">&nbsp;i 37 nauczycieli (22K i 15M) z 6 Placówek Zawodowych Włocławka (9 szkół = 6 Techników i 3 ZSZ). Grupę docelową stanowią placówki kształcenia zawodowego, dla których organem prowadzącym jest miasto Włocławek.</span></h4>
<h4><span style="color: #000000;">Szkoły zakwalifikowane do udziału w projekcie to:</span></h4>
<ul>
<li>
<h4><span style="color: #000000;">Zespół Szkół Budowlanych (Technikum i ZSZ)</span></h4>
</li>
<li>
<h4><span style="color: #000000;">Zespół Szkół Ekonomicznych (Technikum)</span></h4>
</li>
<li>
<h4><span style="color: #000000;">Zespół Szkół Elektrycznych (Technikum)</span></h4>
</li>
<li>
<h4><span style="color: #000000;">Zespół Szkół Technicznych (Technikum i ZSZ)</span></h4>
</li>
<li>
<h4><span style="color: #000000;">Zespół Szkół Samochodowych (Technikum i ZSZ)</span></h4>
</li>
<li>
<h4><span style="color: #000000;">Zespół Szkół Chemicznych (Technikum)</span></h4>
</li>
</ul>
<h4><span style="color: #000000;">Realizacja projektu oraz doposażenie i wyposażenie zostało opracowane na podstawie diagnoz szkolnych opartych na spisie inwentarza oraz oceny stanu technicznego posiadanego wyposażenia.&nbsp; Zaplanowane działania projektu zostały skonsultowane z Pracodawcami z regionu, z którymi szkoły obecnie współpracują.</span></h4>
<p>&nbsp;</p>
<p>&nbsp;</p>
<p>&nbsp;</p>
<p>&nbsp;</p>
<h5 style="text-align: right;"><span style="color: #000000;">dodano&nbsp;10.01.2018</span></h5>

<p>&nbsp; „Włocławek zawodowo” nr RPKP. RPKP.10.02.03-04-0003/17 okres realizacji projektu 01.01.2018 – 30.09.2019 &nbsp; 01.01.2018 rozpoczęła się realizacja projektu pt. „ Włocławek zawodowo”. Wnioskodawcą projektu jest Gmina Miasto Włocławek a usługodawcą w zarządzaniu projektem jest&nbsp; firma PANACEUM – OMEGA M.J. Wyborska. Projekt realizowany w ramach Regionalnego Programu Operacyjnego Województwa Kujawsko – Pomorskiego na lata 2014 -2020, [&hellip;]</p>
