{"id":2374,"date":"2020-02-19T20:43:02","date_gmt":"2020-02-19T19:43:02","guid":{"rendered":"http:\/\/omegakikol.pl\/?page_id=2374"},"modified":"2020-10-04T11:58:24","modified_gmt":"2020-10-04T09:58:24","slug":"my-tez-aktywizujemy-sie-spolecznie-i-zawodowo-lgd-dobrzyn-poludnie-bis","status":"publish","type":"page","link":"https:\/\/omegakikol.pl\/?page_id=2374","title":{"rendered":",,My te\u017c aktywizujemy si\u0119  spo\u0142ecznie i zawodowo LGD -Dobrzy\u0144 Po\u0142udnie-bis\u201d"},"content":{"rendered":"<p style=\"text-align: center;\"><span style=\"color: #000000;\"><strong>Informacje o projekcie&nbsp;<\/strong><\/span><\/p>\n<p style=\"text-align: center;\"><img loading=\"lazy\" decoding=\"async\" class=\"aligncenter wp-image-2801 size-large\" src=\"http:\/\/omegakikol.pl\/wp-content\/uploads\/2020\/10\/kik\u00f3\u0142-724x1024.jpg\" alt=\"\" width=\"724\" height=\"1024\" srcset=\"https:\/\/omegakikol.pl\/wp-content\/uploads\/2020\/10\/kik\u00f3\u0142-724x1024.jpg 724w, https:\/\/omegakikol.pl\/wp-content\/uploads\/2020\/10\/kik\u00f3\u0142-212x300.jpg 212w, https:\/\/omegakikol.pl\/wp-content\/uploads\/2020\/10\/kik\u00f3\u0142-768x1087.jpg 768w, https:\/\/omegakikol.pl\/wp-content\/uploads\/2020\/10\/kik\u00f3\u0142-1086x1536.jpg 1086w, https:\/\/omegakikol.pl\/wp-content\/uploads\/2020\/10\/kik\u00f3\u0142.jpg 1227w\" sizes=\"auto, (max-width: 724px) 100vw, 724px\" \/><\/p>\n<p style=\"text-align: center;\"><a href=\"http:\/\/omegakikol.pl\/wp-content\/uploads\/2020\/10\/Informacja-o-projekcie-My-te\u017c-aktywizujemy-si\u0119-spo\u0142ecznie-bis.docx\">Informacja o projekcie My te\u017c aktywizujemy si\u0119 spo\u0142ecznie bis<\/a><\/p>\n<p style=\"text-align: center;\"><span style=\"color: #000000;\"><strong>Informacje o projekcie&nbsp;<\/strong><\/span><\/p>\n<p style=\"text-align: center;\"><img loading=\"lazy\" decoding=\"async\" class=\"aligncenter size-large wp-image-2474\" src=\"http:\/\/omegakikol.pl\/wp-content\/uploads\/2020\/02\/plakat-1_2020-B-724x1024.jpg\" alt=\"\" width=\"724\" height=\"1024\" srcset=\"https:\/\/omegakikol.pl\/wp-content\/uploads\/2020\/02\/plakat-1_2020-B-724x1024.jpg 724w, https:\/\/omegakikol.pl\/wp-content\/uploads\/2020\/02\/plakat-1_2020-B-212x300.jpg 212w, https:\/\/omegakikol.pl\/wp-content\/uploads\/2020\/02\/plakat-1_2020-B-768x1086.jpg 768w, https:\/\/omegakikol.pl\/wp-content\/uploads\/2020\/02\/plakat-1_2020-B.jpg 1052w\" sizes=\"auto, (max-width: 724px) 100vw, 724px\" \/><\/p>\n<p style=\"text-align: center;\"><a href=\"http:\/\/omegakikol.pl\/wp-content\/uploads\/2020\/09\/Informacja-o-projekcie-My-te\u017c-aktywizujemy-si\u0119-spo\u0142ecznie-bis.docx\">Informacja o projekcie My te\u017c aktywizujemy si\u0119 spo\u0142ecznie bis<\/a><\/p>\n<p style=\"text-align: center;\"><span style=\"color: #000000;\"><strong>Dokumenty do pobrania:<\/strong><\/span><\/p>\n<p style=\"text-align: center;\"><a href=\"http:\/\/omegakikol.pl\/wp-content\/uploads\/2020\/02\/1-Formularz-uczestnika-projektu-7.docx\">1 Formularz uczestnika projektu<\/a><\/p>\n<p style=\"text-align: center;\"><a href=\"http:\/\/omegakikol.pl\/wp-content\/uploads\/2020\/02\/2-Ankieta-dotycz\u0105ca-kryteri\u00f3w-kwalifikuj\u0105cych-do-udzia\u0142u-w-projekcie-7.docx\">2 Ankieta dotycz\u0105ca kryteri\u00f3w kwalifikuj\u0105cych do udzia\u0142u w projekcie<\/a><\/p>\n<p style=\"text-align: center;\"><a href=\"http:\/\/omegakikol.pl\/wp-content\/uploads\/2020\/02\/3-O\u015bwiaczenie-uczestnika-7.docx\">3 O\u015bwiaczenie uczestnika<\/a><\/p>\n<p style=\"text-align: center;\"><a href=\"http:\/\/omegakikol.pl\/wp-content\/uploads\/2020\/02\/4-Umowa-LGD-z-UP-7.docx\">4 Umowa LGD z UP<\/a><\/p>\n<p style=\"text-align: center;\"><a href=\"http:\/\/omegakikol.pl\/wp-content\/uploads\/2020\/02\/5-Dane-osobowe-i-ododatkowe-o\u015bwiadczenia-1.docx\">5 Dane osobowe i ododatkowe o\u015bwiadczenia<\/a><\/p>\n<p style=\"text-align: center;\"><a href=\"http:\/\/omegakikol.pl\/wp-content\/uploads\/2020\/02\/6-Rezygnacja-LGD-7.docx\">6 Rezygnacja LGD<\/a><\/p>\n<p style=\"text-align: center;\"><a href=\"http:\/\/omegakikol.pl\/wp-content\/uploads\/2020\/02\/7-Karta-oceny-lista-rankingowa-LGD-7.docx\">7 Karta oceny lista rankingowa LGD<\/a><\/p>\n<p>&nbsp;<\/p>\n<p>&nbsp;<\/p>\n\n\n<p>My te\u017c aktywizujemy si\u0119 spo\u0142ecznie i zawodowo LGD -Dobrzy\u0144 Po\u0142udnie- bis materia\u0142y<\/p>\n\n\n\nngg_shortcode_0_placeholder\n\n\n\n<p>My te\u017c aktywizujemy si\u0119 spo\u0142ecznie i zawodowo LGD -Dobrzy\u0144 Po\u0142udnie- bis \u201d poradnictwo pedagogiczne i psychologiczne<\/p>\n\n\n\nngg_shortcode_1_placeholder\n\n\n\n<p>My te\u017c aktywizujemy si\u0119 spo\u0142ecznie i zawodowo LGD -Dobrzy\u0144 Po\u0142udnie- bis doradca zawodowy<\/p>\n\n\n\nngg_shortcode_2_placeholder\n\n\n\n<p>Kurs Florystyczny<\/p>\n\n\n\nngg_shortcode_3_placeholder\n\n\n\n<p>Kasy fiskalne<\/p>\n\n\n\nngg_shortcode_4_placeholder\n","protected":false},"excerpt":{"rendered":"<p>Informacje o projekcie&nbsp; Informacja o projekcie My te\u017c aktywizujemy si\u0119 spo\u0142ecznie bis Informacje o projekcie&nbsp; Informacja o projekcie My te\u017c aktywizujemy si\u0119 spo\u0142ecznie bis Dokumenty do pobrania: 1 Formularz uczestnika projektu 2 Ankieta dotycz\u0105ca kryteri\u00f3w kwalifikuj\u0105cych do udzia\u0142u w projekcie 3 O\u015bwiaczenie uczestnika 4 Umowa LGD z UP 5 Dane osobowe i ododatkowe o\u015bwiadczenia 6 [&hellip;]<\/p>\n","protected":false},"author":1,"featured_media":0,"parent":0,"menu_order":0,"comment_status":"closed","ping_status":"closed","template":"","meta":{"ngg_post_thumbnail":0,"footnotes":""},"class_list":["post-2374","page","type-page","status-publish","hentry"],"_links":{"self":[{"href":"https:\/\/omegakikol.pl\/index.php?rest_route=\/wp\/v2\/pages\/2374","targetHints":{"allow":["GET"]}}],"collection":[{"href":"https:\/\/omegakikol.pl\/index.php?rest_route=\/wp\/v2\/pages"}],"about":[{"href":"https:\/\/omegakikol.pl\/index.php?rest_route=\/wp\/v2\/types\/page"}],"author":[{"embeddable":true,"href":"https:\/\/omegakikol.pl\/index.php?rest_route=\/wp\/v2\/users\/1"}],"replies":[{"embeddable":true,"href":"https:\/\/omegakikol.pl\/index.php?rest_route=%2Fwp%2Fv2%2Fcomments&post=2374"}],"version-history":[{"count":9,"href":"https:\/\/omegakikol.pl\/index.php?rest_route=\/wp\/v2\/pages\/2374\/revisions"}],"predecessor-version":[{"id":2803,"href":"https:\/\/omegakikol.pl\/index.php?rest_route=\/wp\/v2\/pages\/2374\/revisions\/2803"}],"wp:attachment":[{"href":"https:\/\/omegakikol.pl\/index.php?rest_route=%2Fwp%2Fv2%2Fmedia&parent=2374"}],"curies":[{"name":"wp","href":"https:\/\/api.w.org\/{rel}","templated":true}]}}