{"id":2495,"date":"2020-06-10T18:28:58","date_gmt":"2020-06-10T16:28:58","guid":{"rendered":"http:\/\/omegakikol.pl\/?page_id=2495"},"modified":"2020-06-11T16:49:16","modified_gmt":"2020-06-11T14:49:16","slug":"zakup-i-dostawa-80-laptopow-i-4-serwerow-z-akcesoriami-do-4-wloclawskich-liceow","status":"publish","type":"page","link":"https:\/\/omegakikol.pl\/?page_id=2495","title":{"rendered":"Post\u0119powanie o udzielenie zam\u00f3wienia w trybie konkurencyjno\u015bci pt.\u201eZakup i dostawa 80 laptop\u00f3w i 4 serwer\u00f3w z akcesoriami do 4 w\u0142oc\u0142awskich lice\u00f3w\u201d"},"content":{"rendered":"<p style=\"text-align: center;\">Post\u0119powanie o udzielenie zam\u00f3wienia w trybie konkurencyjno\u015bci pt.\u201eZakup i dostawa 80 laptop\u00f3w i 4 serwer\u00f3w z akcesoriami do 4 w\u0142oc\u0142awskich lice\u00f3w\u201d<\/p>\n<p style=\"text-align: center;\">Informacje o og\u0142oszeniu<br \/>\nTermin sk\u0142adania ofert<br \/>\n<strong>do dnia 24-06-2020<\/strong><br \/>\nNumer og\u0142oszenia<br \/>\n<strong>32359<\/strong><br \/>\nStatus og\u0142oszenia<br \/>\n<strong>Aktualne<\/strong><\/p>\n<p style=\"text-align: center;\">Miejsce i spos\u00f3b sk\u0142adania ofert<br \/>\nOfert\u0119 w formie scanu nale\u017cy przes\u0142a\u0107 na e-maila firmy Panaceum Omega Maria Jolanta Wyborska : <strong>omega_sekretariat@op.pl<\/strong> lub <strong>m.wyborska@op.pl<\/strong> do dnia 24.06.2020 r. do godz. 15.00<br \/>\nAdres e-mail, na kt\u00f3ry nale\u017cy wys\u0142a\u0107 ofert\u0119<br \/>\n<strong>omega_sekretariat@op.pl<\/strong><\/p>\n<p style=\"text-align: center;\">Osoba do kontaktu w sprawie og\u0142oszenia<br \/>\nMa\u0142gorzata Wojciechowska, tel. 510-191-931 , Maria Wyborska tel. 600-236-442<br \/>\nNr telefonu osoby upowa\u017cnionej do kontaktu w sprawie og\u0142oszenia<br \/>\nMa\u0142gorzata Wojciechowska, tel. 510-191-931 , Maria Wyborska tel. 600-236-442<\/p>\n<p style=\"text-align: center;\">Skr\u00f3cony opis przedmiotu zam\u00f3wienia<br \/>\nPrzedmiotem zam\u00f3wienia jest zakup i dostawa 80 laptop\u00f3w i 4 serwer\u00f3w z akcesoriami do 4 w\u0142oc\u0142awskich lice\u00f3w- o cechach okre\u015blonych w za\u0142\u0105czniku nr 2 do post\u0119powania w trybie konkurencyjno\u015bci , na potrzeby realizacji projektu pn. \u201eLiceali\u015bci W\u0142oc\u0142awka podnosz\u0105 swoje kompetencje\u201d wsp\u00f3\u0142finansowanego przez Regionalny Program Operacyjny Wojew\u00f3dztwa Kujawsko-Pomorskiego na lata 2014-2020 &#8211; nr projektu RPKP.10.02.02-04-0009\/18 w kt\u00f3rym Wnioskodawc\u0105 jest firma \u201ePanaceum-Omega Maria Jolanta Wyborska\u201d a Partnerem Gmina Miasto W\u0142oc\u0142awek.<br \/>\nDo og\u0142oszenia do\u0142\u0105czony jest pe\u0142ny opis warunk\u00f3w post\u0119powania i opisu przedmiotu zam\u00f3wienia.<\/p>\n<p style=\"text-align: center;\">Kategoria og\u0142oszenia<br \/>\nDostawy<br \/>\nPodkategoria og\u0142oszenia<br \/>\nSprz\u0119t IT<br \/>\nMiejsce realizacji zam\u00f3wienia<br \/>\nWojew\u00f3dztwo: kujawsko-pomorskie Powiat: W\u0142oc\u0142awek Miejscowo\u015b\u0107: W\u0142oc\u0142awek<br \/>\nOpis przedmiotu zam\u00f3wienia<br \/>\nCel zam\u00f3wienia<br \/>\nPost\u0119powanie o udzielenie zam\u00f3wienia w trybie konkurencyjno\u015bci pt.\u201eZakup i dostawa 80 laptop\u00f3w i 4 serwer\u00f3w z akcesoriami do 4 w\u0142oc\u0142awskich lice\u00f3w\u201d<\/p>\n<p style=\"text-align: center;\">Przedmiot zam\u00f3wienia<\/p>\n<p style=\"text-align: center;\">Przedmiotem zam\u00f3wienia jest zakup i dostawa 80 laptop\u00f3w i 4 serwer\u00f3w z akcesoriami do 4 w\u0142oc\u0142awskich lice\u00f3w- o cechach okre\u015blonych w za\u0142\u0105czniku nr 2 do post\u0119powania w trybie konkurencyjno\u015bci , na potrzeby realizacji projektu pn. \u201eLiceali\u015bci W\u0142oc\u0142awka podnosz\u0105 swoje kompetencje\u201d wsp\u00f3\u0142finansowanego przez Regionalny Program Operacyjny Wojew\u00f3dztwa Kujawsko-Pomorskiego na lata 2014-2020 &#8211; nr projektu RPKP.10.02.02-04-0009\/18 w kt\u00f3rym Wnioskodawc\u0105 jest firma \u201ePanaceum-Omega Maria Jolanta Wyborska\u201d a Partnerem Gmina Miasto W\u0142oc\u0142awek.<br \/>\nDo og\u0142oszenia do\u0142\u0105czony jest pe\u0142ny opis warunk\u00f3w post\u0119powania i opisu przedmiotu zam\u00f3wienia.<\/p>\n<p style=\"text-align: center;\"><strong>Kod CPV<\/strong><br \/>\n<strong>30213100-6<\/strong><br \/>\n<strong>Nazwa kodu CPV<\/strong><br \/>\n<strong>Komputery przeno\u015bne<\/strong><\/p>\n<p>&nbsp;<\/p>\n<p style=\"text-align: center;\"><a href=\"https:\/\/bazakonkurencyjnosci.funduszeeuropejskie.gov.pl\/publicationproposal\/view\/32359\"><img loading=\"lazy\" decoding=\"async\" class=\"aligncenter wp-image-2106 size-medium\" src=\"http:\/\/omegakikol.pl\/wp-content\/uploads\/2019\/05\/logo_left-300x74.png\" alt=\"\" width=\"300\" height=\"74\" srcset=\"https:\/\/omegakikol.pl\/wp-content\/uploads\/2019\/05\/logo_left-300x74.png 300w, https:\/\/omegakikol.pl\/wp-content\/uploads\/2019\/05\/logo_left-768x190.png 768w, https:\/\/omegakikol.pl\/wp-content\/uploads\/2019\/05\/logo_left-1024x254.png 1024w, https:\/\/omegakikol.pl\/wp-content\/uploads\/2019\/05\/logo_left.png 1598w\" sizes=\"auto, (max-width: 300px) 100vw, 300px\" \/><\/a><\/p>\n<p>&nbsp;<\/p>\n<p style=\"text-align: center;\">Data publikacji: 10.06.2020<\/p>\n","protected":false},"excerpt":{"rendered":"<p>Post\u0119powanie o udzielenie zam\u00f3wienia w trybie konkurencyjno\u015bci pt.\u201eZakup i dostawa 80 laptop\u00f3w i 4 serwer\u00f3w z akcesoriami do 4 w\u0142oc\u0142awskich lice\u00f3w\u201d Informacje o og\u0142oszeniu Termin sk\u0142adania ofert do dnia 24-06-2020 Numer og\u0142oszenia 32359 Status og\u0142oszenia Aktualne Miejsce i spos\u00f3b sk\u0142adania ofert Ofert\u0119 w formie scanu nale\u017cy przes\u0142a\u0107 na e-maila firmy Panaceum Omega Maria Jolanta Wyborska [&hellip;]<\/p>\n","protected":false},"author":1,"featured_media":0,"parent":0,"menu_order":0,"comment_status":"closed","ping_status":"closed","template":"","meta":{"ngg_post_thumbnail":0,"footnotes":""},"class_list":["post-2495","page","type-page","status-publish","hentry"],"_links":{"self":[{"href":"https:\/\/omegakikol.pl\/index.php?rest_route=\/wp\/v2\/pages\/2495","targetHints":{"allow":["GET"]}}],"collection":[{"href":"https:\/\/omegakikol.pl\/index.php?rest_route=\/wp\/v2\/pages"}],"about":[{"href":"https:\/\/omegakikol.pl\/index.php?rest_route=\/wp\/v2\/types\/page"}],"author":[{"embeddable":true,"href":"https:\/\/omegakikol.pl\/index.php?rest_route=\/wp\/v2\/users\/1"}],"replies":[{"embeddable":true,"href":"https:\/\/omegakikol.pl\/index.php?rest_route=%2Fwp%2Fv2%2Fcomments&post=2495"}],"version-history":[{"count":6,"href":"https:\/\/omegakikol.pl\/index.php?rest_route=\/wp\/v2\/pages\/2495\/revisions"}],"predecessor-version":[{"id":2508,"href":"https:\/\/omegakikol.pl\/index.php?rest_route=\/wp\/v2\/pages\/2495\/revisions\/2508"}],"wp:attachment":[{"href":"https:\/\/omegakikol.pl\/index.php?rest_route=%2Fwp%2Fv2%2Fmedia&parent=2495"}],"curies":[{"name":"wp","href":"https:\/\/api.w.org\/{rel}","templated":true}]}}