{"id":2815,"date":"2020-10-04T12:18:21","date_gmt":"2020-10-04T10:18:21","guid":{"rendered":"http:\/\/omegakikol.pl\/?page_id=2815"},"modified":"2021-11-14T21:05:46","modified_gmt":"2021-11-14T20:05:46","slug":"czym-skorupka-za-mlodu-raz-jeszcze","status":"publish","type":"page","link":"https:\/\/omegakikol.pl\/?page_id=2815","title":{"rendered":"Czym skorupka za m\u0142odu &#8211; raz jeszcze !"},"content":{"rendered":"<h2 style=\"text-align: center;\"><span style=\"color: #000000;\">Czym skorupka za m\u0142odu \u2013 raz jeszcze !<\/span><\/h2>\n<h4 style=\"text-align: center;\">\n<span style=\"color: #000000;\"><strong>Gmina Miasto W\u0142oc\u0142awek Partner w projekcie \u201cCzym skorupka za m\u0142odu- raz jeszcze !\u201d og\u0142asza post\u0119powanie na zakup 4 pracowni do nauczania przez eksperyment<\/strong><\/span><\/h4>\n<h4><span style=\"color: #000000;\"><strong>Link do przetargu:<\/strong>&nbsp;<\/span><\/h4>\n<p><span style=\"color: #000080;\"><a style=\"color: #000080;\" href=\"https:\/\/umwloclawek.logintrade.net\/zapytania_email,64607,86037c4b129b0a15c883b94fa3a39a9d.html\">umwloclawek.logintrade.net\/zapytania_email<\/a><\/span><\/p>\n<p>&nbsp;<\/p>\n<h4><span style=\"color: #000000;\">Tomasz Ma\u0107czak<\/span><br \/>\n<span style=\"color: #000000;\">Inspektor<\/span><br \/>\n<span style=\"color: #000000;\">Urz\u0105d Miasta W\u0142oc\u0142awek<\/span><br \/>\n<span style=\"color: #000000;\">Biuro Zam\u00f3wie\u0144 Publicznych<\/span><br \/>\n<span style=\"color: #000000;\">ul. Ko\u015bciuszki 12<\/span><br \/>\n<span style=\"color: #000000;\">87-800 W\u0142oc\u0142awek<\/span><br \/>\n<span style=\"color: #000000;\">tel. 54 414 44 76<\/span><br \/>\n<span style=\"color: #000000;\">faks: 54 414 42 57<\/span><\/h4>\n<h4>&nbsp;<\/h4>\n<h4>&nbsp;<\/h4>\n<h4 style=\"text-align: center;\"><strong>&nbsp;<span style=\"color: #000000;\">Gmina Miasto W\u0142oc\u0142awek Partner w&nbsp;&nbsp;projekcie&nbsp; &#8222;Czym skorupka za m\u0142odu- raz jeszcze !&#8221; og\u0142asza post\u0119powanie na zakup 4 pracowni do nauczania przez eksperyment&nbsp;<\/span><\/strong><\/h4>\n<h4 style=\"text-align: center;\"><strong><span style=\"color: #000000;\"> link do strony:<\/span><\/strong><\/h4>\n<h3 style=\"text-align: center;\"><strong><span style=\"color: #0000ff;\"><a style=\"color: #0000ff;\" href=\"https:\/\/umwloclawek.logintrade.net\/zapytania_email,40295,953745027c70d228d6297b06eac2d3f4.html\" data-saferedirecturl=\"https:\/\/www.google.com\/url?q=https:\/\/umwloclawek.logintrade.net\/zapytania_email,40295,953745027c70d228d6297b06eac2d3f4.html&amp;source=gmail&amp;ust=1616615287218000&amp;usg=AFQjCNFTRjKA7dEIiAEvg0JpwG2Pzz4AMA\">UM W\u0142oc\u0142awek<\/a><\/span><\/strong><\/h3>\n<p><img loading=\"lazy\" decoding=\"async\" class=\"aligncenter size-large wp-image-2828\" src=\"http:\/\/omegakikol.pl\/wp-content\/uploads\/2020\/10\/Panaceum-omegaplakat-10_2019-724x1024.jpg\" alt=\"\" width=\"724\" height=\"1024\" srcset=\"https:\/\/omegakikol.pl\/wp-content\/uploads\/2020\/10\/Panaceum-omegaplakat-10_2019-724x1024.jpg 724w, https:\/\/omegakikol.pl\/wp-content\/uploads\/2020\/10\/Panaceum-omegaplakat-10_2019-212x300.jpg 212w, https:\/\/omegakikol.pl\/wp-content\/uploads\/2020\/10\/Panaceum-omegaplakat-10_2019-768x1086.jpg 768w, https:\/\/omegakikol.pl\/wp-content\/uploads\/2020\/10\/Panaceum-omegaplakat-10_2019-1086x1536.jpg 1086w, https:\/\/omegakikol.pl\/wp-content\/uploads\/2020\/10\/Panaceum-omegaplakat-10_2019.jpg 1404w\" sizes=\"auto, (max-width: 724px) 100vw, 724px\" \/><\/p>\n","protected":false},"excerpt":{"rendered":"<p>Czym skorupka za m\u0142odu \u2013 raz jeszcze ! Gmina Miasto W\u0142oc\u0142awek Partner w projekcie \u201cCzym skorupka za m\u0142odu- raz jeszcze !\u201d og\u0142asza post\u0119powanie na zakup 4 pracowni do nauczania przez eksperyment Link do przetargu:&nbsp; umwloclawek.logintrade.net\/zapytania_email &nbsp; Tomasz Ma\u0107czak Inspektor Urz\u0105d Miasta W\u0142oc\u0142awek Biuro Zam\u00f3wie\u0144 Publicznych ul. Ko\u015bciuszki 12 87-800 W\u0142oc\u0142awek tel. 54 414 44 76 [&hellip;]<\/p>\n","protected":false},"author":1,"featured_media":0,"parent":0,"menu_order":0,"comment_status":"closed","ping_status":"closed","template":"","meta":{"ngg_post_thumbnail":0,"footnotes":""},"class_list":["post-2815","page","type-page","status-publish","hentry"],"_links":{"self":[{"href":"https:\/\/omegakikol.pl\/index.php?rest_route=\/wp\/v2\/pages\/2815","targetHints":{"allow":["GET"]}}],"collection":[{"href":"https:\/\/omegakikol.pl\/index.php?rest_route=\/wp\/v2\/pages"}],"about":[{"href":"https:\/\/omegakikol.pl\/index.php?rest_route=\/wp\/v2\/types\/page"}],"author":[{"embeddable":true,"href":"https:\/\/omegakikol.pl\/index.php?rest_route=\/wp\/v2\/users\/1"}],"replies":[{"embeddable":true,"href":"https:\/\/omegakikol.pl\/index.php?rest_route=%2Fwp%2Fv2%2Fcomments&post=2815"}],"version-history":[{"count":4,"href":"https:\/\/omegakikol.pl\/index.php?rest_route=\/wp\/v2\/pages\/2815\/revisions"}],"predecessor-version":[{"id":2964,"href":"https:\/\/omegakikol.pl\/index.php?rest_route=\/wp\/v2\/pages\/2815\/revisions\/2964"}],"wp:attachment":[{"href":"https:\/\/omegakikol.pl\/index.php?rest_route=%2Fwp%2Fv2%2Fmedia&parent=2815"}],"curies":[{"name":"wp","href":"https:\/\/api.w.org\/{rel}","templated":true}]}}