{"id":3370,"date":"2025-07-09T21:12:07","date_gmt":"2025-07-09T19:12:07","guid":{"rendered":"https:\/\/omegakikol.pl\/?page_id=3370"},"modified":"2025-07-12T11:51:18","modified_gmt":"2025-07-12T09:51:18","slug":"regulamin-rekrutacji-fekp-08-27-iz-00-0011-24","status":"publish","type":"page","link":"https:\/\/omegakikol.pl\/?page_id=3370","title":{"rendered":"Regulamin rekrutacji &#8211; FEKP.08.27-IZ.00-0011\/24"},"content":{"rendered":"<p><span style=\"font-family: arial, helvetica, sans-serif;\"><img loading=\"lazy\" decoding=\"async\" class=\"aligncenter size-large wp-image-3071\" src=\"https:\/\/omegakikol.pl\/wp-content\/uploads\/2023\/03\/naglowek-1024x107.jpg\" alt=\"\" width=\"1024\" height=\"107\" srcset=\"https:\/\/omegakikol.pl\/wp-content\/uploads\/2023\/03\/naglowek-1024x107.jpg 1024w, https:\/\/omegakikol.pl\/wp-content\/uploads\/2023\/03\/naglowek-300x31.jpg 300w, https:\/\/omegakikol.pl\/wp-content\/uploads\/2023\/03\/naglowek-768x80.jpg 768w, https:\/\/omegakikol.pl\/wp-content\/uploads\/2023\/03\/naglowek.jpg 1512w\" sizes=\"auto, (max-width: 1024px) 100vw, 1024px\" \/><\/span><\/p>\n<p><span style=\"font-family: arial, helvetica, sans-serif;\"><strong>&nbsp;<\/strong><\/span><\/p>\n<p style=\"text-align: center;\"><span style=\"font-family: arial, helvetica, sans-serif;\"><strong>\u201eKszta\u0142cenie og\u00f3lne w plac\u00f3wkach o\u015bwiatowych na terenie gminy Wielgie\u201d<\/strong><\/span><\/p>\n<p style=\"text-align: center;\"><span style=\"font-family: arial, helvetica, sans-serif;\"><strong>FEKP.08.27-IZ.00-0011\/24<\/strong><\/span><\/p>\n<p style=\"text-align: center;\"><span style=\"font-family: arial, helvetica, sans-serif;\"><strong><u>&nbsp;<\/u><\/strong><\/span><\/p>\n<p style=\"text-align: center;\"><span style=\"font-family: arial, helvetica, sans-serif;\">Wsp\u00f3\u0142finansowany z Europejskiego Funduszu Spo\u0142ecznego Plus w ramach<\/span><\/p>\n<p style=\"text-align: center;\"><span style=\"font-family: arial, helvetica, sans-serif;\">Priorytetu 8 Fundusze europejskie na wsparcie w obszarze rynku pracy,<\/span><\/p>\n<p style=\"text-align: center;\"><span style=\"font-family: arial, helvetica, sans-serif;\">edukacji i w\u0142\u0105czenia spo\u0142ecznego. Dzia\u0142ania 08.27 Kszta\u0142cenie og\u00f3lne OPPT<\/span><\/p>\n<p><span style=\"font-family: arial, helvetica, sans-serif;\"><strong>&nbsp;<\/strong><\/span><\/p>\n<p><span style=\"font-family: arial, helvetica, sans-serif;\"><strong>&nbsp;<\/strong><\/span><\/p>\n<p><span style=\"font-family: arial, helvetica, sans-serif;\"><strong>Dzia\u0142ania realizowane w ramach projektu<\/strong><\/span><\/p>\n<p><span style=\"font-family: arial, helvetica, sans-serif;\">Zaj\u0119cia z kompetencji kluczowych dla uczni\u00f3w:<\/span><\/p>\n<p><span style=\"font-family: arial, helvetica, sans-serif;\">a) zaj\u0119cia dydaktyczno\u2013 wyr\u00f3wnawcze: matematyka, j\u0119zyk angielski, j\u0119zyk niemiecki, przedmioty matematyczno-przyrodnicze;<\/span><\/p>\n<p><span style=\"font-family: arial, helvetica, sans-serif;\">b) zaj\u0119cia rozwijaj\u0105ce uzdolnienia : matematyka, j\u0119zyk angielski, przedmioty matematyczno-przyrodnicze, ko\u0142o regionalne, zaj\u0119cia taneczne, plastyczne, muzyczne, rozwijaj\u0105ce zainteresowanie sztuk\u0105 teatraln\u0105;<\/span><\/p>\n<p><span style=\"font-family: arial, helvetica, sans-serif;\">c) TIK, informatyczne -robotyka, kodowanie, druk3D.<\/span><\/p>\n<p><span style=\"font-family: arial, helvetica, sans-serif;\">Zaplanowano wsparcie z zakresu edukacji prozdrowotnej ( w tym dzia\u0142ania prozdrowotne, uk\u0142adanie zbilansowanej diety, zdrowe nawyki i podwy\u017cszanie sprawno\u015bci fizycznej; higiena cyfrowa w kontek\u015bcie u\u017cytkowania smartfon\u00f3w) i ekologicznej( w tym wiedza o klimacie, w tym mo\u017cliwo\u015b\u0107 zmiany indywidualnych zachowa\u0144 w celu ochrony \u015brodowiska). Przy wspieraniu kompetencji cyfrowych wykorzystany zostanie standard kompetencji cyfrowych na podstawie aktualnej na dzie\u0144 og\u0142oszenia naboru wersji ramy ,,DigComp&#8221;. Prowadzenie zaj\u0119\u0107 b\u0119dzie odbywa\u0142o si\u0119 w oparciu o zasady projektowania uniwersalnego w nauczaniu(ULD- universal learning desing)<\/span><\/p>\n<ol start=\"2\">\n<li><span style=\"font-family: arial, helvetica, sans-serif;\">Zaj\u0119cia specjalistyczne dla uczni\u00f3w zgodnie z Rozporz\u0105dzeniem MEN z dnia 9 sierpnia 2017 r. w sprawie zasad organizacji i udzielania pomocy psychologiczno-pedagogiczn\u0105 w publicznych przedszkolach, szko\u0142ach i plac\u00f3wkach:<\/span><\/li>\n<\/ol>\n<p><span style=\"font-family: arial, helvetica, sans-serif;\">a) korekcyjno-kompensacyjne<\/span><\/p>\n<p><span style=\"font-family: arial, helvetica, sans-serif;\">b) logopedyczne<\/span><\/p>\n<p><span style=\"font-family: arial, helvetica, sans-serif;\">c) terapia psychologiczna<\/span><\/p>\n<p><span style=\"font-family: arial, helvetica, sans-serif;\">d) zaj\u0119cia rozwijaj\u0105ce zdolno\u015b\u0107 uczenia si\u0119<\/span><\/p>\n<p><span style=\"font-family: arial, helvetica, sans-serif;\">e) zaj\u0119cia rozwijaj\u0105ce kompetencje emocjonalno-spo\u0142eczne<\/span><\/p>\n<p><span style=\"font-family: arial, helvetica, sans-serif;\">f) terapia r\u0119ki<\/span><\/p>\n<p><span style=\"font-family: arial, helvetica, sans-serif;\">g) teatroterapia<\/span><\/p>\n<p><span style=\"font-family: arial, helvetica, sans-serif;\">h) multisensoryczne<\/span><\/p>\n<p><span style=\"font-family: arial, helvetica, sans-serif;\">i) logorytmika<\/span><\/p>\n<p><span style=\"font-family: arial, helvetica, sans-serif;\">j) terapia ruchem<\/span><\/p>\n<p><span style=\"font-family: arial, helvetica, sans-serif;\">k) filmoterapia<\/span><\/p>\n<p><span style=\"font-family: arial, helvetica, sans-serif;\">Doradztwo edukacyjno -zawodowe (opracowanie kwestionariusza zawodowego) na ka\u017cdym poziomie edukacyjnym b\u0119dzie uwzgl\u0119dnia\u0107 perspektyw\u0119 p\u0142ci i przeciwdzia\u0142anie dyskryminacji p\u0142ci, w tym stereotypom (np. zawody uto\u017csamiane z p\u0142ci\u0105) w wyborze \u015bcie\u017cki edukacyjno-zawodowej oraz b\u0119dzie wspiera\u0107 wyb\u00f3r kariery w obszarze STEM, w tym przez kobiety.<\/span><\/p>\n<p><span style=\"font-family: arial, helvetica, sans-serif;\">Warsztaty astronomiczne dla 300 uczni\u00f3w z trzech szk\u00f3\u0142 -seans w mobilnym planetarium.<\/span><\/p>\n<p><span style=\"font-family: arial, helvetica, sans-serif;\">Zaplanowano zakup wyposa\u017cenia pracowni oraz zakup pomocy dydaktycznych:<\/span><\/p>\n<p><span style=\"font-family: arial, helvetica, sans-serif;\">a) dla SP Czarne i SP Zaduszniki za kwot\u0119: 587 255,40 z\u0142<\/span><\/p>\n<p><span style=\"font-family: arial, helvetica, sans-serif;\">b) dla SP Wielgie za kwot\u0119: 852 949,02 z\u0142<\/span><\/p>\n<p><span style=\"font-family: arial, helvetica, sans-serif;\">Podniesienie kompetencji kadry pedagogicznej poprzez szkolenia:<\/span><\/p>\n<p><span style=\"font-family: arial, helvetica, sans-serif;\">a) Praca z dzieckiem ze specjalnymi potrzebami edukacyjnymi\u201d -podniesienie kompetencji nauczycieli w zakresie pracy z uczniem o specjalnych potrzebach edukacyjnych- 18 nauczycieli<\/span><\/p>\n<p><span style=\"font-family: arial, helvetica, sans-serif;\">b) Praca z uczniem zdolnym z wykorzystaniem pomocy dydaktycznych na zaj\u0119ciach&#8221;-18nauczycieli<\/span><\/p>\n<p><span style=\"font-family: arial, helvetica, sans-serif;\">c) Kompetencje wychowawcze &#8211; mediacja na linii nauczyciel-rodzic, nauczyciel &#8211;<\/span><\/p>\n<p><span style=\"font-family: arial, helvetica, sans-serif;\">agresywny ucze\u0144,; motywacja uczni\u00f3w (\u201epokolenia telefon\u00f3w\u201d), radzenie sobie ze stresem-18 nauczycieli.<\/span><\/p>\n<p><span style=\"font-family: arial, helvetica, sans-serif;\"><strong>Grupy docelowe <\/strong><\/span><\/p>\n<p><span style=\"font-family: arial, helvetica, sans-serif;\">Wsparciem w ramach projektu obj\u0119tych zostanie 300 uczni\u00f3w (145 K i 155 M) z 3 Szk\u00f3\u0142 Podstawowych jst Gminy Wielgie: SP Czarne , SP Wielgie , SP Zaduszniki oraz 54 nauczycieli z tych szk\u00f3\u0142.<\/span><\/p>\n<p><span style=\"font-family: arial, helvetica, sans-serif;\"><strong>Cele Projektu<\/strong><\/span><\/p>\n<p><span style=\"font-family: arial, helvetica, sans-serif;\">Celem jest podniesienie jako\u015bci i efektywno\u015bci kszta\u0142cenia og\u00f3lnego na poziomie szko\u0142y podstawowej u 300 uczni\u00f3w\/uczennic poprzez wsparcie dla uczni\u00f3w przyczyniaj\u0105ce si\u0119 do wyr\u00f3wnywania szans edukacyjnych, zwi\u0119kszenie dost\u0119pno\u015bci i w\u0142\u0105czenia spo\u0142ecznego, a tak\u017ce wsparcie dla 54 nauczycieli daj\u0105ce podniesienie jako\u015bci kszta\u0142cenia poprzez podnoszenie kompetencji oraz wsparcie dla &nbsp;3 szk\u00f3\u0142 podstawowych w Gminie Wielgie, przyczyniaj\u0105ce si\u0119 do podniesienia efektywno\u015bci kszta\u0142cenia og\u00f3lnego poprzez popraw\u0119 jako\u015bci warunk\u00f3w kszta\u0142cenia do&nbsp; &nbsp; 30.06.2027 r.<\/span><\/p>\n<p><span style=\"font-family: arial, helvetica, sans-serif;\"><strong>Rezultaty projektu<\/strong><\/span><\/p>\n<ol>\n<li><span style=\"font-family: arial, helvetica, sans-serif;\">Nabycie przez uczni\u00f3w kwalifikacji \/ kompetencji\/ umiej\u0119tno\u015bci po opuszczeniu programu.<\/span><\/li>\n<li><span style=\"font-family: arial, helvetica, sans-serif;\">Uzyskanie kwalifikacji przez przedstawicieli kadry szk\u00f3\u0142 po opuszczeniu programu.<\/span><\/li>\n<\/ol>\n<p><span style=\"font-family: arial, helvetica, sans-serif;\"><strong>Warto\u015b\u0107 Projektu:<\/strong> &nbsp;4 157 439,08 z\u0142<strong> &nbsp;&nbsp;&nbsp; <\/strong><\/span><\/p>\n<p><span style=\"font-family: arial, helvetica, sans-serif;\"><strong>Wysoko\u015b\u0107 wk\u0142adu Funduszy Europejskich: &nbsp;<\/strong>3 533 823,21 z\u0142<\/span><\/p>\n<p><span style=\"font-family: arial, helvetica, sans-serif;\">#FunduszeUE<\/span><\/p>\n<p><span style=\"font-family: arial, helvetica, sans-serif;\">#FunduszeEuropejskie<\/span><\/p>\n<p><span style=\"font-family: arial, helvetica, sans-serif;\"><a href=\"https:\/\/omegakikol.pl\/wp-content\/uploads\/2025\/07\/regulamin-rekrutacji.doc\">Regulamin rekrutacji<\/a><\/span><\/p>\n<div id=\"gtx-trans\" style=\"position: absolute; left: 185px; top: 2408.04px;\">\n<div class=\"gtx-trans-icon\">&nbsp;<\/div>\n<\/div>\n","protected":false},"excerpt":{"rendered":"<p>&nbsp; \u201eKszta\u0142cenie og\u00f3lne w plac\u00f3wkach o\u015bwiatowych na terenie gminy Wielgie\u201d FEKP.08.27-IZ.00-0011\/24 &nbsp; Wsp\u00f3\u0142finansowany z Europejskiego Funduszu Spo\u0142ecznego Plus w ramach Priorytetu 8 Fundusze europejskie na wsparcie w obszarze rynku pracy, edukacji i w\u0142\u0105czenia spo\u0142ecznego. Dzia\u0142ania 08.27 Kszta\u0142cenie og\u00f3lne OPPT &nbsp; &nbsp; Dzia\u0142ania realizowane w ramach projektu Zaj\u0119cia z kompetencji kluczowych dla uczni\u00f3w: a) zaj\u0119cia dydaktyczno\u2013 [&hellip;]<\/p>\n","protected":false},"author":1,"featured_media":0,"parent":0,"menu_order":0,"comment_status":"closed","ping_status":"closed","template":"","meta":{"ngg_post_thumbnail":0,"footnotes":""},"class_list":["post-3370","page","type-page","status-publish","hentry"],"_links":{"self":[{"href":"https:\/\/omegakikol.pl\/index.php?rest_route=\/wp\/v2\/pages\/3370","targetHints":{"allow":["GET"]}}],"collection":[{"href":"https:\/\/omegakikol.pl\/index.php?rest_route=\/wp\/v2\/pages"}],"about":[{"href":"https:\/\/omegakikol.pl\/index.php?rest_route=\/wp\/v2\/types\/page"}],"author":[{"embeddable":true,"href":"https:\/\/omegakikol.pl\/index.php?rest_route=\/wp\/v2\/users\/1"}],"replies":[{"embeddable":true,"href":"https:\/\/omegakikol.pl\/index.php?rest_route=%2Fwp%2Fv2%2Fcomments&post=3370"}],"version-history":[{"count":2,"href":"https:\/\/omegakikol.pl\/index.php?rest_route=\/wp\/v2\/pages\/3370\/revisions"}],"predecessor-version":[{"id":3386,"href":"https:\/\/omegakikol.pl\/index.php?rest_route=\/wp\/v2\/pages\/3370\/revisions\/3386"}],"wp:attachment":[{"href":"https:\/\/omegakikol.pl\/index.php?rest_route=%2Fwp%2Fv2%2Fmedia&parent=3370"}],"curies":[{"name":"wp","href":"https:\/\/api.w.org\/{rel}","templated":true}]}}

<p><span style="font-family: arial, helvetica, sans-serif;"><img loading="lazy" decoding="async" class="aligncenter size-large wp-image-3071" src="https://omegakikol.pl/wp-content/uploads/2023/03/naglowek-1024x107.jpg" alt="" width="1024" height="107" srcset="https://omegakikol.pl/wp-content/uploads/2023/03/naglowek-1024x107.jpg 1024w, https://omegakikol.pl/wp-content/uploads/2023/03/naglowek-300x31.jpg 300w, https://omegakikol.pl/wp-content/uploads/2023/03/naglowek-768x80.jpg 768w, https://omegakikol.pl/wp-content/uploads/2023/03/naglowek.jpg 1512w" sizes="auto, (max-width: 1024px) 100vw, 1024px" /></span></p>
<p><span style="font-family: arial, helvetica, sans-serif;"><strong>&nbsp;</strong></span></p>
<p style="text-align: center;"><span style="font-family: arial, helvetica, sans-serif;"><strong>„Kształcenie ogólne w placówkach oświatowych na terenie gminy Wielgie”</strong></span></p>
<p style="text-align: center;"><span style="font-family: arial, helvetica, sans-serif;"><strong>FEKP.08.27-IZ.00-0011/24</strong></span></p>
<p style="text-align: center;"><span style="font-family: arial, helvetica, sans-serif;"><strong><u>&nbsp;</u></strong></span></p>
<p style="text-align: center;"><span style="font-family: arial, helvetica, sans-serif;">Współfinansowany z Europejskiego Funduszu Społecznego Plus w ramach</span></p>
<p style="text-align: center;"><span style="font-family: arial, helvetica, sans-serif;">Priorytetu 8 Fundusze europejskie na wsparcie w obszarze rynku pracy,</span></p>
<p style="text-align: center;"><span style="font-family: arial, helvetica, sans-serif;">edukacji i włączenia społecznego. Działania 08.27 Kształcenie ogólne OPPT</span></p>
<p><span style="font-family: arial, helvetica, sans-serif;"><strong>&nbsp;</strong></span></p>
<p><span style="font-family: arial, helvetica, sans-serif;"><strong>&nbsp;</strong></span></p>
<p><span style="font-family: arial, helvetica, sans-serif;"><strong>Działania realizowane w ramach projektu</strong></span></p>
<p><span style="font-family: arial, helvetica, sans-serif;">Zajęcia z kompetencji kluczowych dla uczniów:</span></p>
<p><span style="font-family: arial, helvetica, sans-serif;">a) zajęcia dydaktyczno– wyrównawcze: matematyka, język angielski, język niemiecki, przedmioty matematyczno-przyrodnicze;</span></p>
<p><span style="font-family: arial, helvetica, sans-serif;">b) zajęcia rozwijające uzdolnienia : matematyka, język angielski, przedmioty matematyczno-przyrodnicze, koło regionalne, zajęcia taneczne, plastyczne, muzyczne, rozwijające zainteresowanie sztuką teatralną;</span></p>
<p><span style="font-family: arial, helvetica, sans-serif;">c) TIK, informatyczne -robotyka, kodowanie, druk3D.</span></p>
<p><span style="font-family: arial, helvetica, sans-serif;">Zaplanowano wsparcie z zakresu edukacji prozdrowotnej ( w tym działania prozdrowotne, układanie zbilansowanej diety, zdrowe nawyki i podwyższanie sprawności fizycznej; higiena cyfrowa w kontekście użytkowania smartfonów) i ekologicznej( w tym wiedza o klimacie, w tym możliwość zmiany indywidualnych zachowań w celu ochrony środowiska). Przy wspieraniu kompetencji cyfrowych wykorzystany zostanie standard kompetencji cyfrowych na podstawie aktualnej na dzień ogłoszenia naboru wersji ramy ,,DigComp&#8221;. Prowadzenie zajęć będzie odbywało się w oparciu o zasady projektowania uniwersalnego w nauczaniu(ULD- universal learning desing)</span></p>
<ol start="2">
<li><span style="font-family: arial, helvetica, sans-serif;">Zajęcia specjalistyczne dla uczniów zgodnie z Rozporządzeniem MEN z dnia 9 sierpnia 2017 r. w sprawie zasad organizacji i udzielania pomocy psychologiczno-pedagogiczną w publicznych przedszkolach, szkołach i placówkach:</span></li>
</ol>
<p><span style="font-family: arial, helvetica, sans-serif;">a) korekcyjno-kompensacyjne</span></p>
<p><span style="font-family: arial, helvetica, sans-serif;">b) logopedyczne</span></p>
<p><span style="font-family: arial, helvetica, sans-serif;">c) terapia psychologiczna</span></p>
<p><span style="font-family: arial, helvetica, sans-serif;">d) zajęcia rozwijające zdolność uczenia się</span></p>
<p><span style="font-family: arial, helvetica, sans-serif;">e) zajęcia rozwijające kompetencje emocjonalno-społeczne</span></p>
<p><span style="font-family: arial, helvetica, sans-serif;">f) terapia ręki</span></p>
<p><span style="font-family: arial, helvetica, sans-serif;">g) teatroterapia</span></p>
<p><span style="font-family: arial, helvetica, sans-serif;">h) multisensoryczne</span></p>
<p><span style="font-family: arial, helvetica, sans-serif;">i) logorytmika</span></p>
<p><span style="font-family: arial, helvetica, sans-serif;">j) terapia ruchem</span></p>
<p><span style="font-family: arial, helvetica, sans-serif;">k) filmoterapia</span></p>
<p><span style="font-family: arial, helvetica, sans-serif;">Doradztwo edukacyjno -zawodowe (opracowanie kwestionariusza zawodowego) na każdym poziomie edukacyjnym będzie uwzględniać perspektywę płci i przeciwdziałanie dyskryminacji płci, w tym stereotypom (np. zawody utożsamiane z płcią) w wyborze ścieżki edukacyjno-zawodowej oraz będzie wspierać wybór kariery w obszarze STEM, w tym przez kobiety.</span></p>
<p><span style="font-family: arial, helvetica, sans-serif;">Warsztaty astronomiczne dla 300 uczniów z trzech szkół -seans w mobilnym planetarium.</span></p>
<p><span style="font-family: arial, helvetica, sans-serif;">Zaplanowano zakup wyposażenia pracowni oraz zakup pomocy dydaktycznych:</span></p>
<p><span style="font-family: arial, helvetica, sans-serif;">a) dla SP Czarne i SP Zaduszniki za kwotę: 587 255,40 zł</span></p>
<p><span style="font-family: arial, helvetica, sans-serif;">b) dla SP Wielgie za kwotę: 852 949,02 zł</span></p>
<p><span style="font-family: arial, helvetica, sans-serif;">Podniesienie kompetencji kadry pedagogicznej poprzez szkolenia:</span></p>
<p><span style="font-family: arial, helvetica, sans-serif;">a) Praca z dzieckiem ze specjalnymi potrzebami edukacyjnymi” -podniesienie kompetencji nauczycieli w zakresie pracy z uczniem o specjalnych potrzebach edukacyjnych- 18 nauczycieli</span></p>
<p><span style="font-family: arial, helvetica, sans-serif;">b) Praca z uczniem zdolnym z wykorzystaniem pomocy dydaktycznych na zajęciach&#8221;-18nauczycieli</span></p>
<p><span style="font-family: arial, helvetica, sans-serif;">c) Kompetencje wychowawcze &#8211; mediacja na linii nauczyciel-rodzic, nauczyciel &#8211;</span></p>
<p><span style="font-family: arial, helvetica, sans-serif;">agresywny uczeń,; motywacja uczniów („pokolenia telefonów”), radzenie sobie ze stresem-18 nauczycieli.</span></p>
<p><span style="font-family: arial, helvetica, sans-serif;"><strong>Grupy docelowe </strong></span></p>
<p><span style="font-family: arial, helvetica, sans-serif;">Wsparciem w ramach projektu objętych zostanie 300 uczniów (145 K i 155 M) z 3 Szkół Podstawowych jst Gminy Wielgie: SP Czarne , SP Wielgie , SP Zaduszniki oraz 54 nauczycieli z tych szkół.</span></p>
<p><span style="font-family: arial, helvetica, sans-serif;"><strong>Cele Projektu</strong></span></p>
<p><span style="font-family: arial, helvetica, sans-serif;">Celem jest podniesienie jakości i efektywności kształcenia ogólnego na poziomie szkoły podstawowej u 300 uczniów/uczennic poprzez wsparcie dla uczniów przyczyniające się do wyrównywania szans edukacyjnych, zwiększenie dostępności i włączenia społecznego, a także wsparcie dla 54 nauczycieli dające podniesienie jakości kształcenia poprzez podnoszenie kompetencji oraz wsparcie dla &nbsp;3 szkół podstawowych w Gminie Wielgie, przyczyniające się do podniesienia efektywności kształcenia ogólnego poprzez poprawę jakości warunków kształcenia do&nbsp; &nbsp; 30.06.2027 r.</span></p>
<p><span style="font-family: arial, helvetica, sans-serif;"><strong>Rezultaty projektu</strong></span></p>
<ol>
<li><span style="font-family: arial, helvetica, sans-serif;">Nabycie przez uczniów kwalifikacji / kompetencji/ umiejętności po opuszczeniu programu.</span></li>
<li><span style="font-family: arial, helvetica, sans-serif;">Uzyskanie kwalifikacji przez przedstawicieli kadry szkół po opuszczeniu programu.</span></li>
</ol>
<p><span style="font-family: arial, helvetica, sans-serif;"><strong>Wartość Projektu:</strong> &nbsp;4 157 439,08 zł<strong> &nbsp;&nbsp;&nbsp; </strong></span></p>
<p><span style="font-family: arial, helvetica, sans-serif;"><strong>Wysokość wkładu Funduszy Europejskich: &nbsp;</strong>3 533 823,21 zł</span></p>
<p><span style="font-family: arial, helvetica, sans-serif;">#FunduszeUE</span></p>
<p><span style="font-family: arial, helvetica, sans-serif;">#FunduszeEuropejskie</span></p>
<p><span style="font-family: arial, helvetica, sans-serif;"><a href="https://omegakikol.pl/wp-content/uploads/2025/07/regulamin-rekrutacji.doc">Regulamin rekrutacji</a></span></p>
<div id="gtx-trans" style="position: absolute; left: 185px; top: 2408.04px;">
<div class="gtx-trans-icon">&nbsp;</div>
</div>

<p>&nbsp; „Kształcenie ogólne w placówkach oświatowych na terenie gminy Wielgie” FEKP.08.27-IZ.00-0011/24 &nbsp; Współfinansowany z Europejskiego Funduszu Społecznego Plus w ramach Priorytetu 8 Fundusze europejskie na wsparcie w obszarze rynku pracy, edukacji i włączenia społecznego. Działania 08.27 Kształcenie ogólne OPPT &nbsp; &nbsp; Działania realizowane w ramach projektu Zajęcia z kompetencji kluczowych dla uczniów: a) zajęcia dydaktyczno– [&hellip;]</p>
