{"id":3752,"date":"2026-05-15T17:07:26","date_gmt":"2026-05-15T15:07:26","guid":{"rendered":"https:\/\/omegakikol.pl\/?page_id=3752"},"modified":"2026-05-15T17:11:02","modified_gmt":"2026-05-15T15:11:02","slug":"archiwum","status":"publish","type":"page","link":"https:\/\/omegakikol.pl\/?page_id=3752","title":{"rendered":"Archiwum"},"content":{"rendered":"<p style=\"text-align: left;\"><span style=\"color: #000000; font-family: 'times new roman', times; font-size: 16px;\">Post\u0119powanie o udzielenie zam\u00f3wienia w trybie konkurencyjno\u015bci pt.\u201eZakup i dostawa 80 laptop\u00f3w i 4 serwer\u00f3w z akcesoriami do 4 w\u0142oc\u0142awskich lice\u00f3w\u201d<\/span><\/p>\n<h4 style=\"text-align: right;\"><span style=\"color: #0000ff;\"><a style=\"color: #0000ff;\" href=\"http:\/\/omegakikol.pl\/?page_id=2495\">czytaj wi\u0119cej&#8230;<\/a><\/span><\/h4>\n","protected":false},"excerpt":{"rendered":"<p>Post\u0119powanie o udzielenie zam\u00f3wienia w trybie konkurencyjno\u015bci pt.\u201eZakup i dostawa 80 laptop\u00f3w i 4 serwer\u00f3w z akcesoriami do 4 w\u0142oc\u0142awskich lice\u00f3w\u201d czytaj wi\u0119cej&#8230;<\/p>\n","protected":false},"author":1,"featured_media":0,"parent":0,"menu_order":0,"comment_status":"closed","ping_status":"closed","template":"","meta":{"ngg_post_thumbnail":0,"footnotes":""},"class_list":["post-3752","page","type-page","status-publish","hentry"],"_links":{"self":[{"href":"https:\/\/omegakikol.pl\/index.php?rest_route=\/wp\/v2\/pages\/3752","targetHints":{"allow":["GET"]}}],"collection":[{"href":"https:\/\/omegakikol.pl\/index.php?rest_route=\/wp\/v2\/pages"}],"about":[{"href":"https:\/\/omegakikol.pl\/index.php?rest_route=\/wp\/v2\/types\/page"}],"author":[{"embeddable":true,"href":"https:\/\/omegakikol.pl\/index.php?rest_route=\/wp\/v2\/users\/1"}],"replies":[{"embeddable":true,"href":"https:\/\/omegakikol.pl\/index.php?rest_route=%2Fwp%2Fv2%2Fcomments&post=3752"}],"version-history":[{"count":3,"href":"https:\/\/omegakikol.pl\/index.php?rest_route=\/wp\/v2\/pages\/3752\/revisions"}],"predecessor-version":[{"id":3758,"href":"https:\/\/omegakikol.pl\/index.php?rest_route=\/wp\/v2\/pages\/3752\/revisions\/3758"}],"wp:attachment":[{"href":"https:\/\/omegakikol.pl\/index.php?rest_route=%2Fwp%2Fv2%2Fmedia&parent=3752"}],"curies":[{"name":"wp","href":"https:\/\/api.w.org\/{rel}","templated":true}]}}